t the prime factors of 108376.
2, 19, 23, 31
What are the prime factors of 7864?
2, 983
What are the prime factors of 4786?
2, 2393
List the prime factors of 76629.
3, 7, 41, 89
List the prime factors of 4432.
2, 277
List the prime factors of 488.
2, 61
List the prime factors of 1387.
19, 73
List the prime factors of 17067.
3, 5689
What are the prime factors of 141?
3, 47
What are the prime factors of 2531?
2531
List the prime factors of 4604.
2, 1151
List the prime factors of 7634.
2, 11, 347
List the prime factors of 35515.
5, 7103
What are the prime factors of 4800?
2, 3, 5
What are the prime factors of 97512?
2, 3, 17, 239
List the prime factors of 50058.
2, 3, 103
List the prime factors of 7698.
2, 3, 1283
List the prime factors of 27574.
2, 17, 811
What are the prime factors of 4154?
2, 31, 67
List the prime factors of 3543.
3, 1181
List the prime factors of 763.
7, 109
List the prime factors of 1142.
2, 571
What are the prime factors of 1206?
2, 3, 67
List the prime factors of 61283.
61283
List the prime factors of 33798.
2, 3, 43, 131
List the prime factors of 24629.
11, 2239
List the prime factors of 3448.
2, 431
What are the prime factors of 4682?
2, 2341
List the prime factors of 1023.
3, 11, 31
List the prime factors of 435.
3, 5, 29
What are the prime factors of 176?
2, 11
List the prime factors of 8303.
19, 23
What are the prime factors of 603?
3, 67
List the prime factors of 1543.
1543
List the prime factors of 941.
941
List the prime factors of 10401.
3, 3467
List the prime factors of 421.
421
List the prime factors of 17139.
3, 29, 197
List the prime factors of 881.
881
What are the prime factors of 559?
13, 43
List the prime factors of 522.
2, 3, 29
What are the prime factors of 3196?
2, 17, 47
What are the prime factors of 12598?
2, 6299
What are the prime factors of 1602?
2, 3, 89
List the prime factors of 35126.
2, 7, 13, 193
List the prime factors of 7356.
2, 3, 613
List the prime factors of 94296.
2, 3, 3929
List the prime factors of 179.
179
List the prime factors of 1381.
1381
List the prime factors of 2773.
47, 59
What are the prime factors of 23244?
2, 3, 13, 149
What are the prime factors of 521?
521
What are the prime factors of 205?
5, 41
List the prime factors of 5445.
3, 5, 11
What are the prime factors of 7680?
2, 3, 5
List the prime factors of 19448.
2, 11, 13, 17
List the prime factors of 794.
2, 397
List the prime factors of 29790.
2, 3, 5, 331
List the prime factors of 1889.
1889
List the prime factors of 2071.
19, 109
What are the prime factors of 114453?
3, 157
List the prime factors of 8637.
3, 2879
List the prime factors of 72474.
2, 3, 47, 257
What are the prime factors of 98087?
11, 37, 241
List the prime factors of 3076.
2, 769
List the prime factors of 13398.
2, 3, 7, 11, 29
What are the prime factors of 2504?
2, 313
What are the prime factors of 16105?
5, 3221
What are the prime factors of 91477?
17, 5381
What are the prime factors of 392?
2, 7
List the prime factors of 247.
13, 19
List the prime factors of 11424.
2, 3, 7, 17
List the prime factors of 749.
7, 107
List the prime factors of 408.
2, 3, 17
List the prime factors of 3280.
2, 5, 41
List the prime factors of 349.
349
What are the prime factors of 133369?
197, 677
What are the prime factors of 2179?
2179
List the prime factors of 18946.
2, 9473
List the prime factors of 32143.
32143
List the prime factors of 26740.
2, 5, 7, 191
What are the prime factors of 6741?
3, 7, 107
List the prime factors of 22821.
3, 7607
List the prime factors of 209.
11, 19
List the prime factors of 54795.
3, 5, 13, 281
What are the prime factors of 2885?
5, 577
List the prime factors of 499.
499
What are the prime factors of 65176?
2, 8147
What are the prime factors of 616?
2, 7, 11
List the prime factors of 548.
2, 137
List the prime factors of 3954.
2, 3, 659
List the prime factors of 2813.
29, 97
What are the prime factors of 42496?
2, 83
List the prime factors of 1687.
7, 241
What are the prime factors of 2351?
2351
What are the prime factors of 122806?
2, 61403
What are the prime factors of 4515?
3, 5, 7, 43
List the prime factors of 2785.
5, 557
What are the prime factors of 98034?
2, 3, 16339
What are the prime factors of 91769?
163, 563
What are the prime factors of 265?
5, 53
What are the prime factors of 2504?
2, 313
What are the prime factors of 1678?
2, 839
List the prime factors of 508.
2, 127
What are the prime factors of 1727?
11, 157
List the prime factors of 30370.
2, 5, 3037
What are the prime factors of 1419?
3, 11, 43
List the prime factors of 100.
2, 5
What are the prime factors of 8418?
2, 3, 23, 61
What are the prime factors of 426?
2, 3, 71
List the prime factors of 120537.
3, 59, 227
What are the prime factors of 7623?
3, 7, 11
What are the prime factors of 38794?
2, 7, 17, 163
List the prime factors of 944.
2, 59
What are the prime factors of 10368?
2, 3
List the prime factors of 4764.
2, 3, 397
List the prime factors of 1171.
1171
What are the prime factors of 52089?
3, 97, 179
What are the prime factors of 1031?
1031
What are the prime factors of 700?
2, 5, 7
What are the prime factors of 3497?
13, 269
What are the prime factors of 2348?
2, 587
What are the prime factors of 12772?
2, 31, 103
List the prime factors of 132338.
2, 66169
What are the prime factors of 41121?
3, 1523
What are the prime factors of 8436?
2, 3, 19, 37
List the prime factors of 5115.
3, 5, 11, 31
What are the prime factors of 13945?
5, 2789
List the prime factors of 1311.
3, 19, 23
What are the prime factors of 5894?
2, 7, 421
List the prime factors of 4849.
13, 373
List the prime factors of 10967.
11, 997
What are the prime factors of 6694?
2, 3347
List the prime factors of 615.
3, 5, 41
What are the prime factors of 17489?
17489
What are the prime factors of 2384?
2, 149
List the prime factors of 40103.
7, 17, 337
What are the prime factors of 6944?
2, 7, 31
What are the prime factors of 1265?
5, 11, 23
What are the prime factors of 927?
3, 103
List the prime factors of 10708.
2, 2677
What are the prime factors of 2525?
5, 101
List the prime factors of 33750.
2, 3, 5
List the prime factors of 69.
3, 23
What are the prime factors of 159865?
5, 31973
What are the prime factors of 92?
2, 23
List the prime factors of 77938.
2, 7, 19, 293
List the prime factors of 94720.
2, 5, 37
What are the prime factors of 641?
641
List the prime factors of 6279.
3, 7, 13, 23
List the prime factors of 2154.
2, 3, 359
List the prime factors of 4760.
2, 5, 7, 17
What are the prime factors of 108226?
2, 53, 1021
What are the prime factors of 543?
3, 181
What are the prime factors of 2062?
2, 1031
List the prime factors of 685.
5, 137
What are the prime factors of 846?
2, 3, 47
List the prime factors of 68298.
2, 3, 11383
List the prime factors of 2392.
2, 13, 23
What are the prime factors of 18027?
3, 2003
What are the prime factors of 93643?
11, 8513
List the prime factors of 149528.
2, 18691
What are the prime factors of 928?
2, 29
List the prime factors of 7535.
5, 11, 137
What are the prime factors of 6848?
2, 107
List the prime factors of 14503.
14503
What are the prime factors of 70?
2, 5, 7
List the prime factors of 4943.
4943
List the prime factors of 9537.
3, 11, 17
List the prime factors of 15822.
2, 3, 293
List the prime factors of 22206.
2, 3, 3701
What are the prime factors of 3139?
43, 73
List the prime factors of 22183.
7, 3169
List the prime factors of 44574.
2, 3, 17, 19, 23
List the prime factors of 36707.
11, 47, 71
List the prime factors of 13395.
3, 5, 19, 47
What are the prime factors of 20966?
2, 11, 953
List the prime factors of 121076.
2, 30269
List the prime factors of 52239.
3, 11, 1583
List the prime factors of 3498.
2, 3, 11, 53
What are the prime factors of 42567?
3, 7, 2027
List the prime factors of 68927.
68927
List the prime factors of 7970.
2, 5, 797
What are the prime factors of 2491?
47, 53
What are the prime factors of 2624?
2, 41
What are the prime factors of 353?
353
What are the prime factors of 3384?
2, 3, 47
What are the prime factors of 11177?
11177
What are the prime factors of 2188?
2, 547
What are the prime factors of 19060?
2, 5, 953
What are the prime factors of 24863?
23, 47
What are the prime factors of 527?
17, 31
List the pr